{"id":941,"date":"2018-06-24T19:39:02","date_gmt":"2018-06-24T17:39:02","guid":{"rendered":"http:\/\/atelierkrouzek.cz\/praha\/?page_id=941"},"modified":"2026-01-06T11:00:36","modified_gmt":"2026-01-06T10:00:36","slug":"cenik","status":"publish","type":"page","link":"https:\/\/atelierkrouzek.cz\/praha\/cenik\/","title":{"rendered":"CEN\u00cdK"},"content":{"rendered":"\n<p>Cen\u00edk je platn\u00fd pro&nbsp;\u0161koln\u00ed rok 2025\/2026 tedy od 8.&nbsp;9.&nbsp;2025 do 18.&nbsp;6.&nbsp;2026.<\/p>\n\n\n\n<hr class=\"wp-block-separator has-alpha-channel-opacity\"\/>\n\n\n\n<h3 class=\"wp-block-heading\"><strong><strong>PRAVIDELN\u00c9 V\u00ddTVARN\u00c9 KURZY<\/strong><\/strong>:<\/h3>\n\n\n\n<p>D\u011btsk\u00e9 v\u00fdtvarn\u00e9 krou\u017eky i kurz v\u00fdtvarn\u00e1 p\u0159\u00edprava na talentov\u00e9 zkou\u0161ky je mo\u017en\u00e9 nav\u0161t\u011bvovat dlouhodob\u011b. Kurzovn\u00e9 se plat\u00ed dop\u0159edu na jeden semestr, kter\u00fd trv\u00e1 5 m\u011bs\u00edc\u016f (zimn\u00ed: z\u00e1\u0159\u00ed \u2013 leden&nbsp;a&nbsp;letn\u00ed: \u00fanor \u2013 \u010derven). Nav\u0161t\u011bvuj\u00ed se jednou t\u00fddn\u011b v&nbsp;jednom term\u00ednu z&nbsp;na\u0161eho <a href=\"https:\/\/atelierkrouzek.cz\/praha\/rozvrh\/\" data-type=\"URL\" data-id=\"https:\/\/atelierkrouzek.cz\/praha\/rozvrh\/\" target=\"_blank\" rel=\"noreferrer noopener\">rozvrhu<\/a>, ve kter\u00e9m m\u00e1 ka\u017ed\u00fd p\u0159edplacen\u00e9&nbsp;<strong>sv\u00e9 m\u00edsto<\/strong>. Nav\u0161t\u011bvovat d\u011btsk\u00e9 krou\u017eky n\u00e1razov\u011b a platit si jen jednotliv\u00e9 lekce neumo\u017e\u0148ujeme, ale p\u0159\u00edpravn\u00fd kurz na talentov\u00e9 zkou\u0161ky je mo\u017en\u00e9 zakoupit i ve zkr\u00e1cen\u00e9 verzi dle pot\u0159eby (do term\u00ednu talentov\u00fdch zkou\u0161ek).<\/p>\n\n\n\n<p><strong>Zku\u0161ebn\u00ed lekce je ZDARMA<\/strong><\/p>\n\n\n\n<p><strong>Nab\u00edz\u00edme SLEVY 5\u201310 %*<\/strong><\/p>\n\n\n\n<ul class=\"wp-block-list\">\n<li><strong>SLEVA\u00a05&nbsp;% za v\u010dasnou platbu<\/strong> \u2013 (Do 15.&nbsp;6.&nbsp;2026 za zimn\u00ed semestr a do 15.&nbsp;12.&nbsp;2026 za letn\u00ed)<\/li>\n\n\n\n<li><strong>SLEVA 5&nbsp;% pro sourozence<\/strong><\/li>\n\n\n\n<li><strong>SLEVA 5\u00a0%\u00a0pro d\u011bti z&nbsp;Prahy 3<\/strong><\/li>\n\n\n\n<li><strong>SLEVA 5\u00a0%\u00a0pro \u017e\u00e1ky ze Z\u0160 a M\u0160 Jaroslava Seiferta<\/strong><em> <br>*Lze spolu kombinovat a\u017e dva druhy slev a z\u00edskat tak a\u017e 10% slevu!<\/em><br><\/li>\n<\/ul>\n\n\n\n<ul class=\"wp-block-list\">\n<li>V\u00ddTVARN\u00dd KROU\u017dEK PRO D\u011aTI 2\u20134 roky + DOPROVOD<br>(1 lekce = 60 minut):&nbsp;<strong>5&nbsp;800&nbsp;K\u010d<\/strong>&nbsp;\/ semestr<br><br><\/li>\n\n\n\n<li>V\u00ddTVARN\u00dd KROU\u017dEK PRO D\u011aTI 3\u20136 let<br>(1 lekce = 75 minut): <strong>6&nbsp;400&nbsp;K\u010d<\/strong> \/ semestr<br><br><\/li>\n\n\n\n<li>V\u00ddTVARN\u00dd KROU\u017dEK PRO D\u011aTI 6\u201315 let&nbsp; &nbsp; &nbsp; &nbsp; &nbsp; &nbsp; &nbsp; &nbsp; &nbsp; &nbsp; &nbsp; &nbsp;<br>(1 lekce =&nbsp;90 minut):&nbsp;<strong>6&nbsp;800&nbsp;K\u010d<\/strong>&nbsp;\/ semestr<br><br><\/li>\n\n\n\n<li>V\u00ddTVARN\u00c1 P\u0158\u00cdPRAVA NA TALENTOV\u00c9 ZKOU\u0160KY &nbsp;<br>(1 lekce =&nbsp;120&nbsp;minut):&nbsp;<strong>8&nbsp;800&nbsp;K\u010d<\/strong>&nbsp;\/ semestr nebo&nbsp;<strong>600&nbsp;K\u010d&nbsp;<\/strong>\/ 1 lekce<br><\/li>\n<\/ul>\n\n\n\n<h3 class=\"wp-block-heading\"><strong><strong>GRAFICK\u00c9 D\u00cdLN<\/strong>Y:<\/strong><\/h3>\n\n\n\n<p>D\u00edlna je jednodenn\u00ed nepravideln\u00fd kurz, kter\u00fd trv\u00e1 4 hodiny. Kapacita je omezen\u00e1 a je pot\u0159eba si p\u0159edplatit m\u00edsto ve vybran\u00e9m term\u00ednu.<\/p>\n\n\n\n<ul class=\"wp-block-list\">\n<li>GRAFICK\u00c1 D\u00cdLNA &#8211; LINORYT PRO ML\u00c1DE\u017d, DOSP\u011aL\u00c9 A SENIORY <br> (1 kurz = 4 hodiny):&nbsp;<strong>1&nbsp;300&nbsp;K\u010d<\/strong> \/ kurz nebo <strong> 1&nbsp;170&nbsp;K\u010d<\/strong> \/ kurz \u2013 pro studenty a seniory<br><\/li>\n<\/ul>\n\n\n\n<h3 class=\"wp-block-heading\"><strong>INDIVIDU\u00c1LN\u00cd LEKCE:<\/strong><\/h3>\n\n\n\n<p>Term\u00edn i d\u00e9lka lekce jsou na vz\u00e1jemn\u00e9 domluv\u011b. Cena se pohybuje podle v\u011bku \u00fa\u010dastn\u00edka a podle zam\u011b\u0159en\u00ed lekce<strong>&nbsp;od 800<\/strong>&nbsp;<strong>K\u010d<\/strong> za hodinu.<\/p>\n\n\n\n<hr class=\"wp-block-separator has-alpha-channel-opacity\"\/>\n\n\n\n<p>PRO D\u011aTI I DOSP\u011aL\u00c9 JE VE\u0160KER\u00dd V\u00ddTVARN\u00dd MATERI\u00c1L V&nbsp;ATELI\u00c9RU K&nbsp;DISPOZICI V&nbsp;CEN\u011a.<\/p>\n","protected":false},"excerpt":{"rendered":"<p>Cen\u00edk je platn\u00fd pro&nbsp;\u0161koln\u00ed rok 2025\/2026 tedy od 8.&nbsp;9.&nbsp;2025 do 18.&nbsp;6.&nbsp;2026. PRAVIDELN\u00c9 V\u00ddTVARN\u00c9 KURZY: D\u011btsk\u00e9 v\u00fdtvarn\u00e9 krou\u017eky i kurz v\u00fdtvarn\u00e1 p\u0159\u00edprava na talentov\u00e9 zkou\u0161ky je mo\u017en\u00e9 nav\u0161t\u011bvovat dlouhodob\u011b. Kurzovn\u00e9 se plat\u00ed dop\u0159edu na jeden semestr, kter\u00fd trv\u00e1 5 m\u011bs\u00edc\u016f (zimn\u00ed: z\u00e1\u0159\u00ed \u2013 leden&nbsp;a&nbsp;letn\u00ed: \u00fanor \u2013 \u010derven). Nav\u0161t\u011bvuj\u00ed se jednou t\u00fddn\u011b v&nbsp;jednom term\u00ednu z&nbsp;na\u0161eho rozvrhu, ve<br \/><a class=\"moretag\" href=\"https:\/\/atelierkrouzek.cz\/praha\/cenik\/\">+ Read More<\/a><\/p>\n","protected":false},"author":1,"featured_media":0,"parent":0,"menu_order":0,"comment_status":"closed","ping_status":"closed","template":"template_parts\/page-fullwidth_template.php","meta":{"footnotes":""},"class_list":["post-941","page","type-page","status-publish","hentry"],"_links":{"self":[{"href":"https:\/\/atelierkrouzek.cz\/praha\/wp-json\/wp\/v2\/pages\/941"}],"collection":[{"href":"https:\/\/atelierkrouzek.cz\/praha\/wp-json\/wp\/v2\/pages"}],"about":[{"href":"https:\/\/atelierkrouzek.cz\/praha\/wp-json\/wp\/v2\/types\/page"}],"author":[{"embeddable":true,"href":"https:\/\/atelierkrouzek.cz\/praha\/wp-json\/wp\/v2\/users\/1"}],"replies":[{"embeddable":true,"href":"https:\/\/atelierkrouzek.cz\/praha\/wp-json\/wp\/v2\/comments?post=941"}],"version-history":[{"count":26,"href":"https:\/\/atelierkrouzek.cz\/praha\/wp-json\/wp\/v2\/pages\/941\/revisions"}],"predecessor-version":[{"id":5812,"href":"https:\/\/atelierkrouzek.cz\/praha\/wp-json\/wp\/v2\/pages\/941\/revisions\/5812"}],"wp:attachment":[{"href":"https:\/\/atelierkrouzek.cz\/praha\/wp-json\/wp\/v2\/media?parent=941"}],"curies":[{"name":"wp","href":"https:\/\/api.w.org\/{rel}","templated":true}]}}